1.
-5
(-4 - 5 - -3) + 5
-1
What is -1 + (-2 - 0) - -2?
-1
Evaluate -1 - -3 - (4 - 3).
1
What is 0 - -3 - (-3 - (-4 - -2))?
4
Evaluate -6 - (8 - 7) - -8.
1
Calculate (5 - 2) + (-30 - -25).
-2
Calculate -14 + (7 - -10) + -11.
-8
What is (0 - 2) + 1 + (-8 - -3)?
-6
Evaluate (15 - 13) + (-1 - -1) + 1.
3
Calculate -5 + 3 + 1 + -1.
-2
Calculate -11 + 9 + 3 + 0.
1
-5 + (5 - (6 - 7))
1
Evaluate (12 + -7 - 10) + -1 + 4.
-2
Evaluate 6 - ((4 - 5) + 3).
4
What is the value of 3 - (-1 + 2 + -1) - 2?
1
What is (4 - (3 + 0)) + -5?
-4
Calculate 0 + 10 + -6 + 1.
5
What is 4 - (-2 + 1 - (-6 + 5))?
4
What is (-2 - (-1 - (1 + -5))) + 3?
-2
Calculate 5 + -4 + -3 + 3 + -8.
-7
What is (0 + 7 - (-28 - -40)) + 12?
7
Evaluate 13 + (6 - (6 + 4)) + -1.
8
0 + 1 + (-20 + 3 - -15)
-1
What is the value of -1 - (4 - 6) - (0 - -1)?
0
What is (2 - 4) + (-2 - -3 - -6)?
5
What is 4 + (-4 - (4 + -6))?
2
Calculate -5 + 16 + (-10 - -5).
6
What is -4 + (2 - -2 - (0 - -3))?
-3
What is 0 + 0 + 1 + -22 + 19?
-2
Calculate -4 - -1 - -3 - -4.
4
What is the value of -10 + -6 + 23 + 0?
7
What is the value of -16 + 8 + 2 + 6?
0
-15 + (-13 - -15) + 5
-8
What is the value of 9 + 6 + (-6 - 1)?
8
What is the value of 5 + 1 + -2 + 80 + -87?
-3
What is the value of (-8 + 18 - 6) + -1 + -6?
-3
(7 - 8) + -4 - (-3 + 1)
-3
Calculate 20 + -38 + 21 - (1 + 1).
1
(1 - 0) + (-28 - -33)
6
What is (-9 - -1 - -8) + -3?
-3
(1 - (-1 + -6)) + -15
-7
What is 4 + (6 - (-2 - -11))?
1
What is the value of -3 + (-11 - (-5 + -1)) + 7?
-1
Evaluate -11 + (-1 - -20) - (15 + 1).
-8
Evaluate 32 - 24 - (8 + 1).
-1
(0 - 0) + -3 + -9 + 10
-2
What is (6 - -3) + -5 - (1 + -3)?
6
Calculate (-1 - (-2 + 3)) + -2 + 3.
-1
4 - (8 + 2) - -9
3
What is 15 - 18 - -7 - -1?
5
What is the value of -9 + (-1 - (-1 + 4)) + 6?
-7
What is 4 + -5 + (-3 - -8) + -5?
-1
Evaluate (8 - (2 - 0)) + (11 - 16).
1
What is 3 + 3 + -9 + 3?
0
Evaluate 2 + -5 - (-15 + 5 + 6).
1
What is -8 + (0 - 0) - (-17 - -12)?
-3
Calculate -11 + 11 + -2 + -2.
-4
Evaluate 0 + 3 + 1 + (1 - 7).
-2
What is -3 + 6 + -4 + 5?
4
Evaluate -5 - -6 - ((2 - 1) + -3).
3
What is the value of (0 - 0) + (2 - 4 - -3)?
1
What is the value of -4 - (2 + (-4 - 0) + -4)?
2
Evaluate 2 - -1 - (3 + -5).
5
Calculate -7 + (5 - (3 - 1)).
-4
Calculate 0 + 4 + (-4 + 7 - 15).
-8
What is -2 + (4 - -1) - (1 - -1)?
1
Calculate 3 + -3 + 4 + 0 + 1.
5
Evaluate 4 - (-13 - (-9 - 2)).
6
5 + -6 + (3 - 5) + -1
-4
What is 6 - ((6 - 8) + 4 + -1)?
5
What is -5 + (3 - -5 - (-5 + 8))?
0
Calculate (0 - (-2 - -2)) + -1.
-1
What is -1 + 1 - (-2 + 1)?
1
Evaluate 8 - (8 - (8 - 5)).
3
Calculate 0 - 1 - ((4 - 1) + -2).
-2
What is 5 + 2 + -8 + 3?
2
What is (0 - 2) + 5 - (-80 - -75)?
8
Calculate -3 - (4 + -4 + -12).
9
Evaluate 12 + -6 - (1 + 1).
4
What is (-5 - -2 - -4) + -6 + 0?
-5
Calculate -4 - (-2 + (4 - 2)).
-4
What is the value of (-3 + 1 + 0 - -7) + 0?
5
Calculate -2 - 0 - (22 + -28) - 6.
-2
7 + -2 - (-5 + 8) - 4
-2
What is the value of -7 - (1 + (7 - 10) + 5)?
-10
-1 - (4 - 0 - 2)
-3
What is 0 + -5 - -11 - (-1 - -5)?
2
What is the value of -6 + (2 - -2) + 7?
5
Evaluate 7 + (-15 - -5 - 3).
-6
Calculate 9 - (5 + -17 + 12).
9
Calculate 95 + -89 - (8 - -1).
-3
13 - (-10 + 11 - (-5 - 0))
7
What is the value of 12 - (-1 + (14 - 6))?
5
What is -7 + (-2 - (-1 + (1 - 4)))?
-5
What is (3 - 1) + -4 - (-4 - -4)?
-2
What is (-4 + -2 - -2) + 8?
4
Evaluate (1 + 4 - (-4 + 12)) + 11.
8
Evaluate -17 + 16 + (-2 - (0 - -1)).
-4
4 + 4 + -7 + 4
5
Calculate -1 + 1 + (21 - 24).
-3
Evaluate 4 + (1 - (0 - -1)).
4
0 + (2 + 1 - 3) + -2
-2
What is the value of -8 - (6 + (2 - 17))?
1
(-3 + 6 - 12) + 4
-5
Evaluate -4 - (-9 + 8) - -9.
6
What is the value of -6 - (-1 + -1 + -5)?
1
Evaluate 7 - ((9 - 3) + -2).
3
What is (1 - 1 - (1 + -2)) + 3?
4
What is the value of 1 + -2 - (8 + -6)?
-3
(-2 - -1) + (1 - -4)
4
What is -9 - (-1 - (0 + 3)) - -4?
-1
What is the value of 1 - (-4 + (1 - -1))?
3
(0 - -2 - 4) + (-16 - -19)
1
What is ((-1 - 2) + 0 - -6) + -5?
-2
What is the value of (7 - 9 - -6) + -5?
-1
What is the value of 2 - -5 - (5 - 1)?
3
What is the value of -3 + 9 + -5 + 4?
5
What is the value of -10 + (-3 + -5 - -12)?
-6
Evaluate (18 - (-7 - -14)) + -3.
8
What is -2 - -5 - (-1 + 4 - 7)?
7
What is 7 - 2 - (49 + -49)?
5
(3 + -1 - 0) + 1 + -4
-1
(7 - (-5 - 2 - -15)) + -6
-7
Evaluate (-2 - -5 - 6) + 3 + -3.
-3
What is the value of 3 + 1 + 1 + 9 + -11?
3
What is (7 - (-2 - -6)) + -1?
2
What is the value of 7 - 2 - (-4 + 7)?
2
What is 10 - (8 - (-2 - -1))?
1
-1 - -2 - -5 - 3
3
What is the value of (-9 - -2 - -2 - -7) + -8?
-6
What is the value of -6 - (-11 - 1) - 4?
2
What is -3 + (-2 - (-3 - -1))?
-3
(13 - 25 - 5) + 11
-6
What is the value of 1 + -2 + 3 + (1 - 8)?
-5
Calculate -2 - (-1 - (-2 + -1)).
-4
Calculate 5 - (10 - (8 + -1)).
2
6 - 0 - (8 + -4)
2
(-3 - (2 + -2) - 1) + 4
0
(-6 - (-4 - 5)) + 5 + -13
-5
What is the value of 0 + -5 - (2 + -5)?
-2
What is the value of 6 + -1 + -7 + 3?
1
What is 4 + -9 + 18 - 8?
5
(2 - 0) + -10 - (-4 + 1)
-5
What is the value of (5 - 15) + -1 + 4?
-7
-2 - (3 + -3) - -1 - 0
-1
What is the value of (-29 - -24) + -11 + (5 - 0)?
-11
Evaluate 31 - 25 - (1 + 3).
2
What is the value of 0 + -10 + 0 + -206 + 210?
-6
Evaluate 9 + 9 + (-20 - 0).
-2
What is (-6 - -2) + (-2 - (-1 + 0))?
-5
Evaluate -1 + 3 + (2 - 5).
-1
What is the value of -2 + 3 - (5 - 3) - 3?
-4
What is -7 - ((3 - 15) + 0)?
5
What is 3 + (5 - 2) + -4 + -3?
-1
Calculate -15 + (-4 + 14 - 1).
-6
What is the value of 0 + 0 + -9 + 5?
-4
Calculate 0 + (-6 - (2 - 5)).
-3
Evaluate -2 + (-2 + 0 - 2) - -2.
-4
What is 2 + 3 + -5 + (-3 - 1)?
-4
Calculate -2 + 5 + -6 - 2.
-5
Calculate -2 - ((25 - 5) + -13).
-9
What is -6 + 4 - 1 - 0?
-3
-4 - -1 - (-5 - -2)
0
Evaluate (0 - -2) + (50 - 57).
-5
What is the value of 6 + 3 + -12 + 6?
3
Calculate -2 + (-3 - (-4 - 0)).
-1
What is 5 - (-3 + (-6 + 4 - -7))?
3
3 + -1 - (-26 + 26)
2
What is the value of (3 - (16 - 9)) + -1?
-5
Evaluate (5 - ((-4 - -4) + 3)) + -6.
-4
What is -2 - -18 - (-10 + 23)?
3
1 + 2 + 4 + (268 - 279)
-4
Evaluate (5 - 6) + -1 + (1 - 2).
-3
Calculate 47 + -54 - (-11 + -1 - -2).
3
Evaluate 0 + (2 - 3) + -3.
-4
Calculate -52 + 60 - (2 - -6).
0
-1 - -4 - ((-1 - 2) + 6)
0
What is the value of -20 + (-9 - -21) - -9?
1
(3 - (11 + -5)) + 3
0
What is the value of (2 - 6) + 8 + -1 + -1?
2
Evaluate (-4 - -5 - 0 - -3) + -3.
1
Evaluate 5 - (-2 - (-1 - (-2 - -5))).
3
Evaluate -4 + -5 + (8 - -5).
4
Calculate 9 - -7 - 18 - (1 - -3).
-6
What is (0 + 22 - 2) + 0 + -9?
11
(1 - 4) + 192 + -191
-2
Evaluate (5 - (1 + 5 + -3)) + -6.
-4
Calculate -3 + 1 + (11 - 5).
4
What is the value of -5 - (1 - (-4 + 5))?
-5
Calculate (2 - -12) + (-19 - (-4 + -7)).
6
Calculate 6 - 9 - (-7 + 5).
-1
What is the value of 13 - 4 - 11 - (1 + 1)?
-4
What is the value of (-3 + 5 - 5) + (2 - 2)?
-3
4 + -4 - (9 + (-12 - 6))
9
Calculate (-21 - -16 - (0 + -3)) + 4.
2
What is (21 - 33) + (1 - -4)?
-7
What is the value of (-20 - -27) + -8 + -2?
-3
What is -79 - -80 - (0 - 0)?
1
Evaluate -3 + (2 - (0 + -5)).
4
Calculate 4 + 0 + -2 + -7.
-5
What is the value of -11 + 3 + (-45 - -45)?
-8
0 - (2 + (3 - 10)) - 2
3
Calculate -5 + 3 + 1 + 2 + -2.
-1
What is the value of (-6 - -5) + -2 + -1?
-4
What is the value of -1 + 1 - (-1 - -4 - 2)?
-1
Calculate 1 - -4 - (7 - (-1 + 6)).
3
Calculate (-1 - -1) + (-7 - (0 - 3)).
-4
What is the value of 1 + (4 - 5) + -2?
-2
Evaluate 0 + -4 + 3 + 0.
-1
What is the value of 8 - 6 - (0 - 0) - -1?
3
-7 - (-4 - (-2 + 0))
-5
Evaluate 1 + (13 - 14) - -1.
1
Calculate 6 + -1 + (0 - 4).
1
Evaluate 3 + (0 + -4 - (-45 - -50)).
-6
Calculate 1 + -7 + (-2 - -6).
-2
What is the value of (0 - -1) + (2 - (-8 + 9))?
2
Calculate -1 + (-4 - -1) + 2.
-2
What is 9 - (2 - 2) - 0?
9
What is the value of 3 - (0 - -5 - (-5 - -12))?
5
Evaluate -5 + (3 - (5 - 0) - -5).
-2
Calculate 1 + (-3 - (-1 - 2)) + -1.
0
What is the value of 2 + 0 + 1 - (9 - 9)?
3
1 + -6 - (119 - 124)
0
What is -7 + 11 - 8 - -4?
0
What is 1 - (-5 + (2 + 2 - -5))?
-3
(-1 - -2) + (5 - 6)
0
Evaluate (6 - 0) + 27 + -30.
3
What is the value of -10 - -2 - (2 - 6)?
-4
What is 2 - 8 - (25 + -36)?
5
What is (0 - -2) + -4 - 3?
-5
Calculate -4 - ((-8 - -6) + -3).
1
What is -12 - (-11 - (3 - -4))?
6
What is (1 - 2) + (-2 - (2 + -4))?
-1
-18 + 8 + 17 + (2 - 8)
1
What is the value of 0 - ((-1 - 1) + 3)?
-1
5 -